{"id":4274,"date":"2026-03-12T15:04:32","date_gmt":"2026-03-12T12:04:32","guid":{"rendered":"https:\/\/kalite.ebyu.edu.tr\/?page_id=4274"},"modified":"2026-03-31T12:00:57","modified_gmt":"2026-03-31T09:00:57","slug":"akreditasyon-surecindeki-programlar","status":"publish","type":"page","link":"https:\/\/kalite.ebyu.edu.tr\/?page_id=4274","title":{"rendered":"Akreditasyon S\u00fcrecindeki Programlar"},"content":{"rendered":"<table width=\"623\">\n<tbody>\n<tr>\n<td width=\"406\"><strong>AKRED\u0130TASYON BA\u015eVURUSU ONAYLANAN PROGRAMLAR<\/strong><\/td>\n<td width=\"217\"><strong>AKRED\u0130TASYON KURULU\u015eU<\/strong><\/td>\n<\/tr>\n<tr>\n<td width=\"406\"><strong>\u0130LAH\u0130YAT FAK\u00dcLTES\u0130<\/strong><\/td>\n<td width=\"217\">\u0130AA<\/td>\n<\/tr>\n<tr>\n<td width=\"406\"><strong>SPOR B\u0130L\u0130MLER\u0130 FAK\u00dcLTES\u0130<\/strong><\/td>\n<td width=\"217\">&nbsp;<\/td>\n<\/tr>\n<tr>\n<td width=\"406\">BEDEN E\u011e\u0130T\u0130M\u0130 VE SPOR \u00d6\u011eRETMENL\u0130\u011e\u0130 B\u00d6L\u00dcM\u00dc<\/td>\n<td width=\"217\">SPORAK<\/td>\n<\/tr>\n<tr>\n<td width=\"406\">SPOR Y\u00d6NET\u0130C\u0130L\u0130\u011e\u0130 B\u00d6L\u00dcM\u00dc<\/td>\n<td width=\"217\">SPORAK<\/td>\n<\/tr>\n<\/tbody>\n<\/table>\n","protected":false},"excerpt":{"rendered":"<p>AKRED\u0130TASYON BA\u015eVURUSU ONAYLANAN PROGRAMLAR AKRED\u0130TASYON KURULU\u015eU \u0130LAH\u0130YAT FAK\u00dcLTES\u0130 \u0130AA SPOR B\u0130L\u0130MLER\u0130 FAK\u00dcLTES\u0130 &nbsp; BEDEN E\u011e\u0130T\u0130M\u0130 VE SPOR \u00d6\u011eRETMENL\u0130\u011e\u0130 B\u00d6L\u00dcM\u00dc SPORAK SPOR Y\u00d6NET\u0130C\u0130L\u0130\u011e\u0130 B\u00d6L\u00dcM\u00dc SPORAK<\/p>\n","protected":false},"author":14,"featured_media":0,"parent":0,"menu_order":0,"comment_status":"closed","ping_status":"closed","template":"","meta":{"footnotes":""},"class_list":["post-4274","page","type-page","status-publish","hentry","entry"],"_links":{"self":[{"href":"https:\/\/kalite.ebyu.edu.tr\/index.php?rest_route=\/wp\/v2\/pages\/4274","targetHints":{"allow":["GET"]}}],"collection":[{"href":"https:\/\/kalite.ebyu.edu.tr\/index.php?rest_route=\/wp\/v2\/pages"}],"about":[{"href":"https:\/\/kalite.ebyu.edu.tr\/index.php?rest_route=\/wp\/v2\/types\/page"}],"author":[{"embeddable":true,"href":"https:\/\/kalite.ebyu.edu.tr\/index.php?rest_route=\/wp\/v2\/users\/14"}],"replies":[{"embeddable":true,"href":"https:\/\/kalite.ebyu.edu.tr\/index.php?rest_route=%2Fwp%2Fv2%2Fcomments&post=4274"}],"version-history":[{"count":3,"href":"https:\/\/kalite.ebyu.edu.tr\/index.php?rest_route=\/wp\/v2\/pages\/4274\/revisions"}],"predecessor-version":[{"id":4323,"href":"https:\/\/kalite.ebyu.edu.tr\/index.php?rest_route=\/wp\/v2\/pages\/4274\/revisions\/4323"}],"wp:attachment":[{"href":"https:\/\/kalite.ebyu.edu.tr\/index.php?rest_route=%2Fwp%2Fv2%2Fmedia&parent=4274"}],"curies":[{"name":"wp","href":"https:\/\/api.w.org\/{rel}","templated":true}]}}