{"id":294,"date":"2018-09-02T21:57:42","date_gmt":"2018-09-02T18:57:42","guid":{"rendered":"http:\/\/kalite.ebyu.edu.tr\/?page_id=294"},"modified":"2021-03-08T14:29:57","modified_gmt":"2021-03-08T11:29:57","slug":"misyon-vizyon","status":"publish","type":"page","link":"https:\/\/kalite.ebyu.edu.tr\/?page_id=294","title":{"rendered":"Misyon &#8211; Vizyon"},"content":{"rendered":"<div class=\"fusion-title title fusion-title-size-one\">\n<h1><img fetchpriority=\"high\" decoding=\"async\" class=\"size-full wp-image-376 aligncenter\" src=\"http:\/\/kalite.ebyu.edu.tr\/wp-content\/uploads\/2018\/09\/vizyon-misyon.png\" alt=\"\" width=\"430\" height=\"230\" \/><\/h1>\n<p style=\"text-align: center\"><strong><span style=\"font-size: 16px\">\u00d6ZG\u00d6REV (M\u0130SYON)<\/span><\/strong><\/p>\n<\/div>\n<p style=\"text-align: center\"><span style=\"font-size: 16px\">\u0130nsan merkezli bir e\u011fitim anlay\u0131\u015f\u0131yla, bilimi ve akl\u0131 esas alarak \u00fclkemizin de\u011ferleri ve hedefleri do\u011frultusunda \u00fcst\u00fcn nitelikli bireyler yeti\u015ftirmek; uluslararas\u0131 \u00f6l\u00e7ekte bilim ve teknoloji \u00fcreterek b\u00f6lgenin ve \u00fclkenin s\u00fcrd\u00fcr\u00fclebilir kalk\u0131nmas\u0131na katk\u0131da bulunmak ve toplumun sorunlar\u0131n\u0131 \u00e7\u00f6zmeye y\u00f6nelik \u00e7al\u0131\u015fmalar yapmakt\u0131r.<\/span><\/p>\n<p style=\"text-align: center\"><strong><span style=\"font-size: 16px\">\u00d6Z\u00dcLK\u00dc (V\u0130ZYON)<\/span><\/strong><\/p>\n<p style=\"text-align: center\"><span style=\"font-size: 16px\">&#8220;Anadolu\u2019da bir d\u00fcnya \u00fcniversitesi olmak.&#8221;<\/span><\/p>\n","protected":false},"excerpt":{"rendered":"<p>\u00d6ZG\u00d6REV (M\u0130SYON) \u0130nsan merkezli bir e\u011fitim anlay\u0131\u015f\u0131yla, bilimi ve akl\u0131 esas alarak \u00fclkemizin de\u011ferleri ve hedefleri do\u011frultusunda \u00fcst\u00fcn nitelikli bireyler yeti\u015ftirmek; uluslararas\u0131 \u00f6l\u00e7ekte bilim ve teknoloji \u00fcreterek b\u00f6lgenin ve \u00fclkenin s\u00fcrd\u00fcr\u00fclebilir kalk\u0131nmas\u0131na katk\u0131da bulunmak ve toplumun sorunlar\u0131n\u0131 \u00e7\u00f6zmeye y\u00f6nelik \u00e7al\u0131\u015fmalar yapmakt\u0131r. \u00d6Z\u00dcLK\u00dc (V\u0130ZYON) &#8220;Anadolu\u2019da bir d\u00fcnya \u00fcniversitesi olmak.&#8221;<\/p>\n","protected":false},"author":14,"featured_media":0,"parent":0,"menu_order":0,"comment_status":"closed","ping_status":"closed","template":"","meta":{"footnotes":""},"class_list":["post-294","page","type-page","status-publish","hentry","entry"],"_links":{"self":[{"href":"https:\/\/kalite.ebyu.edu.tr\/index.php?rest_route=\/wp\/v2\/pages\/294","targetHints":{"allow":["GET"]}}],"collection":[{"href":"https:\/\/kalite.ebyu.edu.tr\/index.php?rest_route=\/wp\/v2\/pages"}],"about":[{"href":"https:\/\/kalite.ebyu.edu.tr\/index.php?rest_route=\/wp\/v2\/types\/page"}],"author":[{"embeddable":true,"href":"https:\/\/kalite.ebyu.edu.tr\/index.php?rest_route=\/wp\/v2\/users\/14"}],"replies":[{"embeddable":true,"href":"https:\/\/kalite.ebyu.edu.tr\/index.php?rest_route=%2Fwp%2Fv2%2Fcomments&post=294"}],"version-history":[{"count":9,"href":"https:\/\/kalite.ebyu.edu.tr\/index.php?rest_route=\/wp\/v2\/pages\/294\/revisions"}],"predecessor-version":[{"id":3431,"href":"https:\/\/kalite.ebyu.edu.tr\/index.php?rest_route=\/wp\/v2\/pages\/294\/revisions\/3431"}],"wp:attachment":[{"href":"https:\/\/kalite.ebyu.edu.tr\/index.php?rest_route=%2Fwp%2Fv2%2Fmedia&parent=294"}],"curies":[{"name":"wp","href":"https:\/\/api.w.org\/{rel}","templated":true}]}}