{"id":2923,"date":"2023-03-09T14:29:55","date_gmt":"2023-03-09T11:29:55","guid":{"rendered":"https:\/\/kalite.ebyu.edu.tr\/?page_id=2923"},"modified":"2023-03-09T14:59:09","modified_gmt":"2023-03-09T11:59:09","slug":"ic-paydas-anketi-ozet-raporlari-2022-2023-guz-donemi","status":"publish","type":"page","link":"https:\/\/kalite.ebyu.edu.tr\/?page_id=2923","title":{"rendered":"\u0130\u00e7 Payda\u015f Anketi \u00d6zet Raporlar\u0131 2022-2023 G\u00fcz D\u00f6nemi"},"content":{"rendered":"<div class=\"elementor-element elementor-element-1bda49aa elementor-widget__width-inherit elementor-widget elementor-widget-theme-post-content\" data-id=\"1bda49aa\" data-element_type=\"widget\" data-widget_type=\"theme-post-content.default\">\n<div class=\"elementor-widget-container\">\n<table width=\"973\">\n<tbody>\n<tr>\n<td width=\"378\">Akademik Personel Memnuniyet Anketi \u00d6zet Raporu<\/td>\n<td width=\"226\"><a href=\"https:\/\/kalite.ebyu.edu.tr\/wp-content\/uploads\/2023\/03\/Akademik-Personel-Memnuniyet-Anketi-Ozet-Raporu-2022-2023-Guz.01.02.23PDF.pdf\"><img decoding=\"async\" class=\"aligncenter wp-image-1101\" src=\"https:\/\/kalite.ebyu.edu.tr\/wp-content\/uploads\/2021\/03\/dddd.png\" alt=\"\" width=\"67\" height=\"82\" \/><\/a><\/td>\n<\/tr>\n<tr>\n<td width=\"378\">\u0130dari Personel Memnuniyet Anketi \u00d6zet Raporu<\/td>\n<td width=\"226\"><a href=\"https:\/\/kalite.ebyu.edu.tr\/wp-content\/uploads\/2023\/03\/Idari-Personel-Memnuniyet-Anketi-Ozet-Raporu-2022-2023-Guz01.02.23PDF.pdf\"><img decoding=\"async\" class=\"aligncenter wp-image-1101\" src=\"https:\/\/kalite.ebyu.edu.tr\/wp-content\/uploads\/2021\/03\/dddd.png\" alt=\"\" width=\"66\" height=\"80\" \/><\/a><\/td>\n<\/tr>\n<tr>\n<td width=\"378\">\u00d6\u011frenci Memnuniyet Anketi \u00d6zet Raporu<\/td>\n<td width=\"226\"><a href=\"https:\/\/kalite.ebyu.edu.tr\/wp-content\/uploads\/2023\/03\/Ogrenci-Memnuniyet-Anketi-Ozet-Raporu-2022-2023-Guz01.02.23PDF.pdf\"><img decoding=\"async\" class=\"aligncenter wp-image-1101\" src=\"https:\/\/kalite.ebyu.edu.tr\/wp-content\/uploads\/2021\/03\/dddd.png\" alt=\"\" width=\"64\" height=\"78\" \/><\/a><\/td>\n<\/tr>\n<\/tbody>\n<\/table>\n<\/div>\n<\/div>\n<div class=\"elementor-element elementor-element-383cd466 elementor-widget-divider--view-line elementor-widget elementor-widget-divider\" data-id=\"383cd466\" data-element_type=\"widget\" data-widget_type=\"divider.default\">\n<div class=\"elementor-widget-container\">\n<div class=\"elementor-divider\"><\/div>\n<\/div>\n<\/div>\n","protected":false},"excerpt":{"rendered":"<p>Akademik Personel Memnuniyet Anketi \u00d6zet Raporu \u0130dari Personel Memnuniyet Anketi \u00d6zet Raporu \u00d6\u011frenci Memnuniyet Anketi \u00d6zet Raporu<\/p>\n","protected":false},"author":13,"featured_media":0,"parent":0,"menu_order":0,"comment_status":"closed","ping_status":"closed","template":"","meta":{"footnotes":""},"class_list":["post-2923","page","type-page","status-publish","hentry","entry"],"a3_pvc":{"activated":false,"total_views":0,"today_views":0},"_links":{"self":[{"href":"https:\/\/kalite.ebyu.edu.tr\/index.php?rest_route=\/wp\/v2\/pages\/2923","targetHints":{"allow":["GET"]}}],"collection":[{"href":"https:\/\/kalite.ebyu.edu.tr\/index.php?rest_route=\/wp\/v2\/pages"}],"about":[{"href":"https:\/\/kalite.ebyu.edu.tr\/index.php?rest_route=\/wp\/v2\/types\/page"}],"author":[{"embeddable":true,"href":"https:\/\/kalite.ebyu.edu.tr\/index.php?rest_route=\/wp\/v2\/users\/13"}],"replies":[{"embeddable":true,"href":"https:\/\/kalite.ebyu.edu.tr\/index.php?rest_route=%2Fwp%2Fv2%2Fcomments&post=2923"}],"version-history":[{"count":4,"href":"https:\/\/kalite.ebyu.edu.tr\/index.php?rest_route=\/wp\/v2\/pages\/2923\/revisions"}],"predecessor-version":[{"id":2931,"href":"https:\/\/kalite.ebyu.edu.tr\/index.php?rest_route=\/wp\/v2\/pages\/2923\/revisions\/2931"}],"wp:attachment":[{"href":"https:\/\/kalite.ebyu.edu.tr\/index.php?rest_route=%2Fwp%2Fv2%2Fmedia&parent=2923"}],"curies":[{"name":"wp","href":"https:\/\/api.w.org\/{rel}","templated":true}]}}