{"id":2884,"date":"2022-12-20T15:24:27","date_gmt":"2022-12-20T12:24:27","guid":{"rendered":"https:\/\/kalite.ebyu.edu.tr\/?page_id=2884"},"modified":"2022-12-20T15:35:53","modified_gmt":"2022-12-20T12:35:53","slug":"diksiyon-ve-etkili-iletisim-egitimi","status":"publish","type":"page","link":"https:\/\/kalite.ebyu.edu.tr\/?page_id=2884","title":{"rendered":"Diksiyon ve Etkili \u0130leti\u015fim E\u011fitimi"},"content":{"rendered":"<p>&nbsp;<\/p>\n<table style=\"height: 115px\" width=\"793\">\n<tbody>\n<tr>\n<td width=\"302\">Diksiyon ve Etkili \u0130leti\u015fim E\u011fitimi Etkinlik De\u011ferlendirme Anket Raporu<\/td>\n<td width=\"302\"><a href=\"https:\/\/kalite.ebyu.edu.tr\/wp-content\/uploads\/2022\/12\/Diksiyon-ve-Etkili-Iletisim-Egitimi-Etkinlik-Degerlendirme-Anketi-Raporu.pdf\"><img decoding=\"async\" class=\"aligncenter wp-image-2313\" src=\"https:\/\/kalite.ebyu.edu.tr\/wp-content\/uploads\/2021\/08\/egitim-ve-ogretim-politikasi.png\" alt=\"\" width=\"61\" height=\"75\" \/><\/a><\/td>\n<\/tr>\n<\/tbody>\n<\/table>\n","protected":false},"excerpt":{"rendered":"<p>&nbsp; Diksiyon ve Etkili \u0130leti\u015fim E\u011fitimi Etkinlik De\u011ferlendirme Anket Raporu<\/p>\n","protected":false},"author":13,"featured_media":0,"parent":0,"menu_order":0,"comment_status":"closed","ping_status":"closed","template":"","meta":{"footnotes":""},"class_list":["post-2884","page","type-page","status-publish","hentry","entry"],"_links":{"self":[{"href":"https:\/\/kalite.ebyu.edu.tr\/index.php?rest_route=\/wp\/v2\/pages\/2884","targetHints":{"allow":["GET"]}}],"collection":[{"href":"https:\/\/kalite.ebyu.edu.tr\/index.php?rest_route=\/wp\/v2\/pages"}],"about":[{"href":"https:\/\/kalite.ebyu.edu.tr\/index.php?rest_route=\/wp\/v2\/types\/page"}],"author":[{"embeddable":true,"href":"https:\/\/kalite.ebyu.edu.tr\/index.php?rest_route=\/wp\/v2\/users\/13"}],"replies":[{"embeddable":true,"href":"https:\/\/kalite.ebyu.edu.tr\/index.php?rest_route=%2Fwp%2Fv2%2Fcomments&post=2884"}],"version-history":[{"count":3,"href":"https:\/\/kalite.ebyu.edu.tr\/index.php?rest_route=\/wp\/v2\/pages\/2884\/revisions"}],"predecessor-version":[{"id":2888,"href":"https:\/\/kalite.ebyu.edu.tr\/index.php?rest_route=\/wp\/v2\/pages\/2884\/revisions\/2888"}],"wp:attachment":[{"href":"https:\/\/kalite.ebyu.edu.tr\/index.php?rest_route=%2Fwp%2Fv2%2Fmedia&parent=2884"}],"curies":[{"name":"wp","href":"https:\/\/api.w.org\/{rel}","templated":true}]}}