{"id":2720,"date":"2022-06-23T12:06:50","date_gmt":"2022-06-23T09:06:50","guid":{"rendered":"https:\/\/kalite.ebyu.edu.tr\/?page_id=2720"},"modified":"2022-06-23T14:58:12","modified_gmt":"2022-06-23T11:58:12","slug":"kalite-ogrenci-toplulugu-yonergesi","status":"publish","type":"page","link":"https:\/\/kalite.ebyu.edu.tr\/?page_id=2720","title":{"rendered":"Kalite \u00d6\u011frenci Toplulu\u011fu Y\u00f6nergesi"},"content":{"rendered":"<table>\n<tbody>\n<tr>\n<td width=\"342\">Kalite \u00d6\u011frenci Toplulu\u011fu Y\u00f6nergesi<\/td>\n<td width=\"342\"><a href=\"https:\/\/kalite.ebyu.edu.tr\/wp-content\/uploads\/2022\/06\/ERZINCAN-BINALI-YILDIRIM-UNIVERSITESI-KALITE-OGRENCI-TOPLULUGU-YONERGESI.pdf\"><img decoding=\"async\" class=\"aligncenter  wp-image-2313\" src=\"https:\/\/kalite.ebyu.edu.tr\/wp-content\/uploads\/2021\/08\/egitim-ve-ogretim-politikasi.png\" alt=\"\" width=\"78\" height=\"96\" \/><\/a><\/td>\n<\/tr>\n<\/tbody>\n<\/table>\n","protected":false},"excerpt":{"rendered":"<p>Kalite \u00d6\u011frenci Toplulu\u011fu Y\u00f6nergesi<\/p>\n","protected":false},"author":13,"featured_media":0,"parent":0,"menu_order":0,"comment_status":"closed","ping_status":"closed","template":"","meta":{"footnotes":""},"class_list":["post-2720","page","type-page","status-publish","hentry","entry"],"_links":{"self":[{"href":"https:\/\/kalite.ebyu.edu.tr\/index.php?rest_route=\/wp\/v2\/pages\/2720","targetHints":{"allow":["GET"]}}],"collection":[{"href":"https:\/\/kalite.ebyu.edu.tr\/index.php?rest_route=\/wp\/v2\/pages"}],"about":[{"href":"https:\/\/kalite.ebyu.edu.tr\/index.php?rest_route=\/wp\/v2\/types\/page"}],"author":[{"embeddable":true,"href":"https:\/\/kalite.ebyu.edu.tr\/index.php?rest_route=\/wp\/v2\/users\/13"}],"replies":[{"embeddable":true,"href":"https:\/\/kalite.ebyu.edu.tr\/index.php?rest_route=%2Fwp%2Fv2%2Fcomments&post=2720"}],"version-history":[{"count":2,"href":"https:\/\/kalite.ebyu.edu.tr\/index.php?rest_route=\/wp\/v2\/pages\/2720\/revisions"}],"predecessor-version":[{"id":2760,"href":"https:\/\/kalite.ebyu.edu.tr\/index.php?rest_route=\/wp\/v2\/pages\/2720\/revisions\/2760"}],"wp:attachment":[{"href":"https:\/\/kalite.ebyu.edu.tr\/index.php?rest_route=%2Fwp%2Fv2%2Fmedia&parent=2720"}],"curies":[{"name":"wp","href":"https:\/\/api.w.org\/{rel}","templated":true}]}}