{"id":2621,"date":"2022-04-06T16:13:47","date_gmt":"2022-04-06T13:13:47","guid":{"rendered":"https:\/\/kalite.ebyu.edu.tr\/?page_id=2621"},"modified":"2022-12-19T16:13:35","modified_gmt":"2022-12-19T13:13:35","slug":"kurumsal-iletisim-konferansi-etkinlik-degerlendirme-anket-raporu","status":"publish","type":"page","link":"https:\/\/kalite.ebyu.edu.tr\/?page_id=2621","title":{"rendered":"Kurumsal \u0130leti\u015fim Konferans\u0131"},"content":{"rendered":"<p>&nbsp;<\/p>\n<table style=\"height: 115px\" width=\"793\">\n<tbody>\n<tr>\n<td width=\"302\">Kurumsal \u0130leti\u015fim Konferans\u0131 Etkinlik De\u011ferlendirme Anket Raporu<\/td>\n<td width=\"302\"><a href=\"https:\/\/kalite.ebyu.edu.tr\/wp-content\/uploads\/2022\/04\/Kurumsal-Iletisim-Konferansi-Etkinlik-Degerlendirme-Anket-Raporu.pdf\"><img decoding=\"async\" class=\"aligncenter wp-image-2313\" src=\"https:\/\/kalite.ebyu.edu.tr\/wp-content\/uploads\/2021\/08\/egitim-ve-ogretim-politikasi.png\" alt=\"\" width=\"61\" height=\"75\" \/><\/a><\/td>\n<\/tr>\n<\/tbody>\n<\/table>\n","protected":false},"excerpt":{"rendered":"<p>&nbsp; Kurumsal \u0130leti\u015fim Konferans\u0131 Etkinlik De\u011ferlendirme Anket Raporu<\/p>\n","protected":false},"author":13,"featured_media":0,"parent":0,"menu_order":0,"comment_status":"closed","ping_status":"closed","template":"","meta":{"footnotes":""},"class_list":["post-2621","page","type-page","status-publish","hentry","entry"],"_links":{"self":[{"href":"https:\/\/kalite.ebyu.edu.tr\/index.php?rest_route=\/wp\/v2\/pages\/2621","targetHints":{"allow":["GET"]}}],"collection":[{"href":"https:\/\/kalite.ebyu.edu.tr\/index.php?rest_route=\/wp\/v2\/pages"}],"about":[{"href":"https:\/\/kalite.ebyu.edu.tr\/index.php?rest_route=\/wp\/v2\/types\/page"}],"author":[{"embeddable":true,"href":"https:\/\/kalite.ebyu.edu.tr\/index.php?rest_route=\/wp\/v2\/users\/13"}],"replies":[{"embeddable":true,"href":"https:\/\/kalite.ebyu.edu.tr\/index.php?rest_route=%2Fwp%2Fv2%2Fcomments&post=2621"}],"version-history":[{"count":6,"href":"https:\/\/kalite.ebyu.edu.tr\/index.php?rest_route=\/wp\/v2\/pages\/2621\/revisions"}],"predecessor-version":[{"id":2870,"href":"https:\/\/kalite.ebyu.edu.tr\/index.php?rest_route=\/wp\/v2\/pages\/2621\/revisions\/2870"}],"wp:attachment":[{"href":"https:\/\/kalite.ebyu.edu.tr\/index.php?rest_route=%2Fwp%2Fv2%2Fmedia&parent=2621"}],"curies":[{"name":"wp","href":"https:\/\/api.w.org\/{rel}","templated":true}]}}

Kurumsal İletişim Konferansı

<p>&nbsp;</p>
<table style="height: 115px" width="793">
<tbody>
<tr>
<td width="302">Kurumsal İletişim Konferansı Etkinlik Değerlendirme Anket Raporu</td>
<td width="302"><a href="https://kalite.ebyu.edu.tr/wp-content/uploads/2022/04/Kurumsal-Iletisim-Konferansi-Etkinlik-Degerlendirme-Anket-Raporu.pdf"><img decoding="async" class="aligncenter wp-image-2313" src="https://kalite.ebyu.edu.tr/wp-content/uploads/2021/08/egitim-ve-ogretim-politikasi.png" alt="" width="61" height="75" /></a></td>
</tr>
</tbody>
</table>

<p>&nbsp; Kurumsal İletişim Konferansı Etkinlik Değerlendirme Anket Raporu</p>
