{"id":248,"date":"2018-09-02T21:27:31","date_gmt":"2018-09-02T18:27:31","guid":{"rendered":"http:\/\/kalite.ebyu.edu.tr\/?page_id=248"},"modified":"2026-03-31T14:43:56","modified_gmt":"2026-03-31T11:43:56","slug":"faaliyet-raporlari","status":"publish","type":"page","link":"https:\/\/kalite.ebyu.edu.tr\/?page_id=248","title":{"rendered":"Faaliyet Raporlar\u0131"},"content":{"rendered":"<p>&nbsp;<\/p>\n<table>\n<tbody>\n<tr>\n<td width=\"415\">2025 Y\u0131l\u0131 Faaliyet Raporu<\/td>\n<td width=\"189\"><a href=\"https:\/\/kalite.ebyu.edu.tr\/wp-content\/uploads\/2026\/03\/Erzincan-Binali-Yildirim-Universitesi-2025-yili-Idare-Faaliyet-Raporu.pdf\"><img decoding=\"async\" class=\"aligncenter wp-image-1101\" src=\"https:\/\/kalite.ebyu.edu.tr\/wp-content\/uploads\/2021\/03\/dddd.png\" alt=\"\" width=\"48\" height=\"60\" \/><\/a><\/td>\n<\/tr>\n<tr>\n<td width=\"415\">2024 Y\u0131l\u0131 Faaliyet Raporu<\/td>\n<td width=\"189\"><a href=\"https:\/\/kalite.ebyu.edu.tr\/wp-content\/uploads\/2026\/03\/Erzincan-Binali-Yildirim-Universitesi-2024-Yili-Idare-Faaliyet-Raporu.pdf\"><img decoding=\"async\" class=\"aligncenter wp-image-1101\" src=\"https:\/\/kalite.ebyu.edu.tr\/wp-content\/uploads\/2021\/03\/dddd.png\" alt=\"\" width=\"48\" height=\"60\" \/><\/a><\/td>\n<\/tr>\n<tr>\n<td width=\"415\">2023 Y\u0131l\u0131 Faaliyet Raporu<\/td>\n<td width=\"189\"><a href=\"https:\/\/kalite.ebyu.edu.tr\/wp-content\/uploads\/2026\/03\/Erzincan-Binali-Yildirim-Universitesi-2023-Yili-Idare-Faaliyet-Raporu.pdf\"><img decoding=\"async\" class=\"aligncenter wp-image-1101\" src=\"https:\/\/kalite.ebyu.edu.tr\/wp-content\/uploads\/2021\/03\/dddd.png\" alt=\"\" width=\"48\" height=\"60\" \/><\/a><\/td>\n<\/tr>\n<tr>\n<td width=\"415\">2022 Y\u0131l\u0131 Faaliyet Raporu<\/td>\n<td width=\"189\"><a href=\"https:\/\/kalite.ebyu.edu.tr\/wp-content\/uploads\/2026\/03\/Erzincan-Binali-Yildirim-Universitesi-2022-Yili-Idare-Faaliyet-Raporu.pdf\"><img decoding=\"async\" class=\"aligncenter wp-image-1101\" src=\"https:\/\/kalite.ebyu.edu.tr\/wp-content\/uploads\/2021\/03\/dddd.png\" alt=\"\" width=\"48\" height=\"60\" \/><\/a><\/td>\n<\/tr>\n<tr>\n<td width=\"415\">2021 Y\u0131l\u0131 Faaliyet Raporu<\/td>\n<td width=\"189\"><a href=\"https:\/\/kalite.ebyu.edu.tr\/wp-content\/uploads\/2026\/03\/Erzincan-Binali-Yildirim-Universitesi-2021-Yili-Idare-Faaliyet-Raporu.pdf\"><img decoding=\"async\" class=\"aligncenter wp-image-1101\" src=\"https:\/\/kalite.ebyu.edu.tr\/wp-content\/uploads\/2021\/03\/dddd.png\" alt=\"\" width=\"48\" height=\"60\" \/><\/a><\/td>\n<\/tr>\n<tr>\n<td width=\"415\">2020 Y\u0131l\u0131 Faaliyet Raporu<\/td>\n<td width=\"189\"><a href=\"https:\/\/strateji.ebyu.edu.tr\/wp-content\/uploads\/2021\/03\/2020-Yili-Faaliyet-Raporuu.pdf\"><img decoding=\"async\" class=\"aligncenter wp-image-1101\" src=\"https:\/\/kalite.ebyu.edu.tr\/wp-content\/uploads\/2021\/03\/dddd.png\" alt=\"\" width=\"48\" height=\"60\" \/><\/a><\/td>\n<\/tr>\n<\/tbody>\n<\/table>\n<p>&nbsp;<\/p>\n<p>&nbsp;<\/p>\n","protected":false},"excerpt":{"rendered":"<p>&nbsp; 2025 Y\u0131l\u0131 Faaliyet Raporu 2024 Y\u0131l\u0131 Faaliyet Raporu 2023 Y\u0131l\u0131 Faaliyet Raporu 2022 Y\u0131l\u0131 Faaliyet Raporu 2021 Y\u0131l\u0131 Faaliyet Raporu 2020 Y\u0131l\u0131 Faaliyet Raporu &nbsp; &nbsp;<\/p>\n","protected":false},"author":14,"featured_media":0,"parent":0,"menu_order":0,"comment_status":"closed","ping_status":"closed","template":"","meta":{"footnotes":""},"class_list":["post-248","page","type-page","status-publish","hentry","entry"],"_links":{"self":[{"href":"https:\/\/kalite.ebyu.edu.tr\/index.php?rest_route=\/wp\/v2\/pages\/248","targetHints":{"allow":["GET"]}}],"collection":[{"href":"https:\/\/kalite.ebyu.edu.tr\/index.php?rest_route=\/wp\/v2\/pages"}],"about":[{"href":"https:\/\/kalite.ebyu.edu.tr\/index.php?rest_route=\/wp\/v2\/types\/page"}],"author":[{"embeddable":true,"href":"https:\/\/kalite.ebyu.edu.tr\/index.php?rest_route=\/wp\/v2\/users\/14"}],"replies":[{"embeddable":true,"href":"https:\/\/kalite.ebyu.edu.tr\/index.php?rest_route=%2Fwp%2Fv2%2Fcomments&post=248"}],"version-history":[{"count":6,"href":"https:\/\/kalite.ebyu.edu.tr\/index.php?rest_route=\/wp\/v2\/pages\/248\/revisions"}],"predecessor-version":[{"id":4345,"href":"https:\/\/kalite.ebyu.edu.tr\/index.php?rest_route=\/wp\/v2\/pages\/248\/revisions\/4345"}],"wp:attachment":[{"href":"https:\/\/kalite.ebyu.edu.tr\/index.php?rest_route=%2Fwp%2Fv2%2Fmedia&parent=248"}],"curies":[{"name":"wp","href":"https:\/\/api.w.org\/{rel}","templated":true}]}}