{"id":2359,"date":"2021-11-23T10:16:51","date_gmt":"2021-11-23T07:16:51","guid":{"rendered":"https:\/\/kalite.ebyu.edu.tr\/?page_id=2359"},"modified":"2026-03-12T14:42:15","modified_gmt":"2026-03-12T11:42:15","slug":"kalite-dokumanlari","status":"publish","type":"page","link":"https:\/\/kalite.ebyu.edu.tr\/?page_id=2359","title":{"rendered":"Standart Formlar"},"content":{"rendered":"<ul>\n<li>\n<h4><span style=\"color: #3366ff;\"><strong><a style=\"color: #3366ff;\" href=\"https:\/\/strateji.ebyu.edu.tr\/organizasyon-semasi\/\">Organizasyon \u015eemalar\u0131<\/a><\/strong><\/span><\/h4>\n<\/li>\n<li>\n<h4><span style=\"color: #3366ff;\"><strong><a style=\"color: #3366ff;\" href=\"https:\/\/strateji.ebyu.edu.tr\/planlar\/\">Planlar<\/a><\/strong><\/span><\/h4>\n<\/li>\n<li>\n<h4><span style=\"color: #3366ff;\"><strong><a style=\"color: #3366ff;\" href=\"https:\/\/strateji.ebyu.edu.tr\/listeler\/\">Listeler<\/a><\/strong><\/span><\/h4>\n<\/li>\n<li>\n<h4><span style=\"color: #3366ff;\"><strong><a style=\"color: #3366ff;\" href=\"https:\/\/strateji.ebyu.edu.tr\/dis-kaynakli-dokumanlar\/\">D\u0131\u015f Kaynakl\u0131 Dok\u00fcmanlar<\/a><\/strong><\/span><\/h4>\n<\/li>\n<li>\n<h4><span style=\"color: #3366ff;\"><strong><a style=\"color: #3366ff;\" href=\"https:\/\/strateji.ebyu.edu.tr\/yonergeler\/\">Y\u00f6nergeler<\/a><\/strong><\/span><\/h4>\n<\/li>\n<li>\n<h4><span style=\"color: #3366ff;\"><strong><a style=\"color: #3366ff;\" href=\"https:\/\/strateji.ebyu.edu.tr\/diger-dokumanlar\/\">Di\u011fer Dok\u00fcmanlar<\/a><\/strong><\/span><\/h4>\n<\/li>\n<li>\n<h4><span style=\"color: #3366ff;\"><strong><a style=\"color: #3366ff;\" href=\"https:\/\/strateji.ebyu.edu.tr\/izleme-karneleri\/\">\u0130zleme Karneleri<\/a><\/strong><\/span><\/h4>\n<\/li>\n<li>\n<h4><span style=\"color: #3366ff;\"><strong><a style=\"color: #3366ff;\" href=\"https:\/\/strateji.ebyu.edu.tr\/formlar\/\">Formlar<\/a><\/strong><\/span><\/h4>\n<\/li>\n<li>\n<h4><span style=\"color: #3366ff;\"><strong><a style=\"color: #3366ff;\" href=\"https:\/\/strateji.ebyu.edu.tr\/is-akislari\/\">\u0130\u015f Ak\u0131\u015flar\u0131<\/a><\/strong><\/span><\/h4>\n<\/li>\n<li>\n<h4><span style=\"color: #3366ff;\"><strong><a style=\"color: #3366ff;\" href=\"https:\/\/strateji.ebyu.edu.tr\/talimatlar\/\">Talimatlar<\/a><\/strong><\/span><\/h4>\n<\/li>\n<li>\n<h4><span style=\"color: #3366ff;\"><strong><a style=\"color: #3366ff;\" href=\"https:\/\/strateji.ebyu.edu.tr\/kilavuzlar\/\">K\u0131lavuzlar<\/a><\/strong><\/span><\/h4>\n<\/li>\n<li>\n<h4><span style=\"color: #3366ff;\"><strong><a style=\"color: #3366ff;\" href=\"https:\/\/strateji.ebyu.edu.tr\/risk-degerlendirme-formlari\/\">Risk De\u011ferlendirme Formlar\u0131<\/a><\/strong><\/span><\/h4>\n<\/li>\n<li>\n<h4><span style=\"color: #3366ff;\"><strong><a style=\"color: #3366ff;\" href=\"https:\/\/strateji.ebyu.edu.tr\/ygg-raporlari\/\" target=\"_blank\" rel=\"noopener\">YGG Raporlar\u0131<\/a><\/strong><\/span><\/h4>\n<\/li>\n<\/ul>\n","protected":false},"excerpt":{"rendered":"<p>Organizasyon \u015eemalar\u0131 Planlar Listeler D\u0131\u015f Kaynakl\u0131 Dok\u00fcmanlar Y\u00f6nergeler Di\u011fer Dok\u00fcmanlar \u0130zleme Karneleri Formlar \u0130\u015f Ak\u0131\u015flar\u0131 Talimatlar K\u0131lavuzlar Risk De\u011ferlendirme Formlar\u0131 YGG Raporlar\u0131<\/p>\n","protected":false},"author":13,"featured_media":0,"parent":0,"menu_order":0,"comment_status":"closed","ping_status":"closed","template":"","meta":{"footnotes":""},"class_list":["post-2359","page","type-page","status-publish","hentry","entry"],"_links":{"self":[{"href":"https:\/\/kalite.ebyu.edu.tr\/index.php?rest_route=\/wp\/v2\/pages\/2359","targetHints":{"allow":["GET"]}}],"collection":[{"href":"https:\/\/kalite.ebyu.edu.tr\/index.php?rest_route=\/wp\/v2\/pages"}],"about":[{"href":"https:\/\/kalite.ebyu.edu.tr\/index.php?rest_route=\/wp\/v2\/types\/page"}],"author":[{"embeddable":true,"href":"https:\/\/kalite.ebyu.edu.tr\/index.php?rest_route=\/wp\/v2\/users\/13"}],"replies":[{"embeddable":true,"href":"https:\/\/kalite.ebyu.edu.tr\/index.php?rest_route=%2Fwp%2Fv2%2Fcomments&post=2359"}],"version-history":[{"count":8,"href":"https:\/\/kalite.ebyu.edu.tr\/index.php?rest_route=\/wp\/v2\/pages\/2359\/revisions"}],"predecessor-version":[{"id":4262,"href":"https:\/\/kalite.ebyu.edu.tr\/index.php?rest_route=\/wp\/v2\/pages\/2359\/revisions\/4262"}],"wp:attachment":[{"href":"https:\/\/kalite.ebyu.edu.tr\/index.php?rest_route=%2Fwp%2Fv2%2Fmedia&parent=2359"}],"curies":[{"name":"wp","href":"https:\/\/api.w.org\/{rel}","templated":true}]}}