{"id":1451,"date":"2021-05-26T15:59:53","date_gmt":"2021-05-26T12:59:53","guid":{"rendered":"https:\/\/kalite.ebyu.edu.tr\/?page_id=1451"},"modified":"2023-08-08T11:42:18","modified_gmt":"2023-08-08T08:42:18","slug":"danisma-kurulu-yonergesi","status":"publish","type":"page","link":"https:\/\/kalite.ebyu.edu.tr\/?page_id=1451","title":{"rendered":"EBY\u00dc Dan\u0131\u015fma Kurullar\u0131 Y\u00f6nergesi"},"content":{"rendered":"<table style=\"height: 170px\" width=\"847\">\n<tbody>\n<tr>\n<td width=\"274\">\n<h3>EBY\u00dc Dan\u0131\u015fma Kurullar\u0131 Y\u00f6nergesi<\/h3>\n<\/td>\n<td width=\"274\"><a href=\"https:\/\/kalite.ebyu.edu.tr\/wp-content\/uploads\/2023\/08\/EBYU-Danisma-Kurullari-Yonergesi.pdf\"><img decoding=\"async\" class=\"aligncenter wp-image-1101\" src=\"https:\/\/kalite.ebyu.edu.tr\/wp-content\/uploads\/2021\/03\/dddd.png\" alt=\"\" width=\"74\" height=\"92\" \/><\/a><\/td>\n<\/tr>\n<\/tbody>\n<\/table>\n","protected":false},"excerpt":{"rendered":"<p>EBY\u00dc Dan\u0131\u015fma Kurullar\u0131 Y\u00f6nergesi<\/p>\n","protected":false},"author":13,"featured_media":0,"parent":0,"menu_order":0,"comment_status":"closed","ping_status":"closed","template":"","meta":{"footnotes":""},"class_list":["post-1451","page","type-page","status-publish","hentry","entry"],"_links":{"self":[{"href":"https:\/\/kalite.ebyu.edu.tr\/index.php?rest_route=\/wp\/v2\/pages\/1451","targetHints":{"allow":["GET"]}}],"collection":[{"href":"https:\/\/kalite.ebyu.edu.tr\/index.php?rest_route=\/wp\/v2\/pages"}],"about":[{"href":"https:\/\/kalite.ebyu.edu.tr\/index.php?rest_route=\/wp\/v2\/types\/page"}],"author":[{"embeddable":true,"href":"https:\/\/kalite.ebyu.edu.tr\/index.php?rest_route=\/wp\/v2\/users\/13"}],"replies":[{"embeddable":true,"href":"https:\/\/kalite.ebyu.edu.tr\/index.php?rest_route=%2Fwp%2Fv2%2Fcomments&post=1451"}],"version-history":[{"count":7,"href":"https:\/\/kalite.ebyu.edu.tr\/index.php?rest_route=\/wp\/v2\/pages\/1451\/revisions"}],"predecessor-version":[{"id":3134,"href":"https:\/\/kalite.ebyu.edu.tr\/index.php?rest_route=\/wp\/v2\/pages\/1451\/revisions\/3134"}],"wp:attachment":[{"href":"https:\/\/kalite.ebyu.edu.tr\/index.php?rest_route=%2Fwp%2Fv2%2Fmedia&parent=1451"}],"curies":[{"name":"wp","href":"https:\/\/api.w.org\/{rel}","templated":true}]}}