{"id":1363,"date":"2021-04-07T16:12:01","date_gmt":"2021-04-07T13:12:01","guid":{"rendered":"https:\/\/kalite.ebyu.edu.tr\/?page_id=1363"},"modified":"2025-11-25T14:32:46","modified_gmt":"2025-11-25T11:32:46","slug":"danismanlar-kurulu","status":"publish","type":"page","link":"https:\/\/kalite.ebyu.edu.tr\/?page_id=1363","title":{"rendered":"EBY\u00dc Dan\u0131\u015fma Kurulu"},"content":{"rendered":"<table width=\"671\">\n<tbody>\n<tr>\n<td colspan=\"2\" width=\"671\">\n<p style=\"text-align: center\"><strong>ERZ\u0130NCAN B\u0130NAL\u0130 YILDIRIM \u00dcN\u0130VERS\u0130TES\u0130<\/strong><\/p>\n<p style=\"text-align: center\"><strong>DANI\u015eMA KURULU<\/strong><\/p>\n<\/td>\n<\/tr>\n<tr>\n<td width=\"255\">Do\u00e7. Dr. Hamza AYDO\u011eDU<\/td>\n<td width=\"416\">Erzincan Valisi<\/td>\n<\/tr>\n<tr>\n<td width=\"255\">Bekir AKSUN<\/td>\n<td width=\"416\">Erzincan Belediye Ba\u015fkan\u0131<\/td>\n<\/tr>\n<tr>\n<td width=\"255\">Prof. Dr. Ak\u0131n LEVENT<\/td>\n<td width=\"416\">Erzincan Binali Y\u0131ld\u0131r\u0131m \u00dcniversitesi Rekt\u00f6r\u00fc<\/td>\n<\/tr>\n<tr>\n<td width=\"255\">Av. Emre B\u00d6L\u00dcKBA\u015eI<\/td>\n<td width=\"416\">Erzincan Baro Ba\u015fkan\u0131<\/td>\n<\/tr>\n<tr>\n<td width=\"255\">Prof. Dr. A. Ercan EK\u0130NC\u0130<\/td>\n<td width=\"416\">Erzincan Binali Y\u0131ld\u0131r\u0131m \u00dcniversitesi Rekt\u00f6r Yard\u0131mc\u0131s\u0131<\/td>\n<\/tr>\n<tr>\n<td width=\"255\">Prof. Dr. Adem BA\u015eIB\u00dcY\u00dcK<\/td>\n<td width=\"416\">Erzincan Binali Y\u0131ld\u0131r\u0131m \u00dcniversitesi Rekt\u00f6r Yard\u0131mc\u0131s\u0131<\/td>\n<\/tr>\n<tr>\n<td width=\"255\">Prof. Dr. \u00c7a\u011fr\u0131 \u00c7IRAK<\/td>\n<td width=\"416\">Erzincan Binali Y\u0131ld\u0131r\u0131m \u00dcniversitesi Rekt\u00f6r Yard\u0131mc\u0131s\u0131<\/td>\n<\/tr>\n<tr>\n<td width=\"255\">Do\u00e7. Dr. M. Cihat \u00d6ZGENEL<\/td>\n<td width=\"416\">Erzincan Binali Y\u0131ld\u0131r\u0131m \u00dcniversitesi Genel Sekreteri<\/td>\n<\/tr>\n<tr>\n<td width=\"255\">H\u00fcseyin YERG\u00dcN<\/td>\n<td width=\"416\">\u0130\u015f insan\u0131<\/td>\n<\/tr>\n<tr>\n<td width=\"255\">Mustafa Ergun SANALAN<\/td>\n<td width=\"416\">\u0130\u015f insan\u0131<\/td>\n<\/tr>\n<tr>\n<td width=\"255\">H\u00fcseyin S\u00d6\u011e\u00dcTL\u00dcPINAR<\/td>\n<td width=\"416\">\u0130\u015f insan\u0131<\/td>\n<\/tr>\n<tr>\n<td width=\"255\">R\u0131dvan ALAZ<\/td>\n<td width=\"416\">\u0130\u015f insan\u0131<\/td>\n<\/tr>\n<tr>\n<td width=\"255\">Hakan K\u00d6SE<\/td>\n<td width=\"416\">\u0130\u015f insan\u0131<\/td>\n<\/tr>\n<tr>\n<td width=\"255\">\u00d6mer G\u00dcLTEK\u0130N<\/td>\n<td width=\"416\">\u0130\u015f insan\u0131<\/td>\n<\/tr>\n<tr>\n<td width=\"255\">Gonca KIRTILO\u011eLU<\/td>\n<td width=\"416\">\u0130\u015f insan\u0131<\/td>\n<\/tr>\n<tr>\n<td width=\"255\">Sad\u0131k A\u011eCA<\/td>\n<td width=\"416\">\u00dcniversiteye en \u00e7ok ba\u011f\u0131\u015f yapm\u0131\u015f i\u015f insan\u0131<\/td>\n<\/tr>\n<tr>\n<td width=\"255\">Yavuz \u00c7AKIR<\/td>\n<td width=\"416\">\u00dcniversiteye en \u00e7ok ba\u011f\u0131\u015f yapm\u0131\u015f i\u015f insan\u0131<\/td>\n<\/tr>\n<tr>\n<td width=\"255\">\u0130brahim \u00d6mer G\u00d6N\u00dcL<\/td>\n<td width=\"416\">Sermaye Piyasas\u0131 Kurulu Ba\u015fkan\u0131<\/td>\n<\/tr>\n<tr>\n<td width=\"255\">Batuhan MUMCU<\/td>\n<td width=\"416\">K\u00fclt\u00fcr ve Turizm Bakanl\u0131\u011f\u0131 Bakan Yard\u0131mc\u0131s\u0131<\/td>\n<\/tr>\n<tr>\n<td width=\"255\">Sinan AKSU<\/td>\n<td width=\"416\">Vak\u0131flar Genel M\u00fcd\u00fcr\u00fc<\/td>\n<\/tr>\n<tr>\n<td width=\"255\">Prof. Dr. Atilla DO\u011eAN<\/td>\n<td width=\"416\">TUSA\u015e Genel M\u00fcd\u00fcr Yard\u0131mc\u0131s\u0131<\/td>\n<\/tr>\n<tr>\n<td width=\"255\">Ahmet TANO\u011eLU<\/td>\n<td width=\"416\">Erzincan Ticaret ve Sanayi Odas\u0131 Ba\u015fkan\u0131<\/td>\n<\/tr>\n<tr>\n<td width=\"255\">Bedir L\u0130MON<\/td>\n<td width=\"416\">Erzincan Esnaf ve Sanatkarlar Odalar\u0131 Birli\u011fi Ba\u015fkan\u0131<\/td>\n<\/tr>\n<tr>\n<td width=\"255\">Zafer BAYBABA<\/td>\n<td width=\"416\">Erzincan \u0130l Emniyet M\u00fcd\u00fcr\u00fc<\/td>\n<\/tr>\n<tr>\n<td width=\"255\">Hac\u0131 \u00d6mer KARTAL<\/td>\n<td width=\"416\">Erzincan \u0130l Milli E\u011fitim M\u00fcd\u00fcr\u00fc<\/td>\n<\/tr>\n<tr>\n<td width=\"255\">Dr. Cihan TEK\u0130N<\/td>\n<td width=\"416\">Erzincan \u0130l Sa\u011fl\u0131k M\u00fcd\u00fcr\u00fc<\/td>\n<\/tr>\n<tr>\n<td width=\"255\">Prof. Dr. Ufuk KUYRUKLUYILDIZ<\/td>\n<td width=\"416\">EBY\u00dc Meng\u00fccek Gazi E\u011fitim ve Ara\u015f. Hastanesi Ba\u015fhekimi<\/td>\n<\/tr>\n<tr>\n<td width=\"255\">Mustafa K\u00dc\u00c7\u00dcKLER<\/td>\n<td width=\"416\">Erzincan \u0130l Bilim, Sanayi ve Teknoloji M\u00fcd\u00fcr\u00fc<\/td>\n<\/tr>\n<tr>\n<td width=\"255\">Recai PALABIYIK<\/td>\n<td width=\"416\">Erzincan Ticaret \u0130l M\u00fcd\u00fcr\u00fc<\/td>\n<\/tr>\n<tr>\n<td width=\"255\">Alper KO\u00c7AKER<\/td>\n<td width=\"416\">Erzincan \u0130l Tar\u0131m ve Orman M\u00fcd\u00fcr\u00fc<\/td>\n<\/tr>\n<tr>\n<td width=\"255\">Fatih \u00c7\u00d6P\u00dcR<\/td>\n<td width=\"416\">Erzincan Gen\u00e7lik ve Spor \u0130l M\u00fcd\u00fcr\u00fc<\/td>\n<\/tr>\n<tr>\n<td width=\"255\">Sel\u00e7uk AYDIN<\/td>\n<td width=\"416\">Erzincan \u00c7evre, \u015eehircilik ve \u0130klim De\u011fi\u015fikli\u011fi \u0130l M\u00fcd\u00fcr\u00fc<\/td>\n<\/tr>\n<tr>\n<td width=\"255\">Ahmet ORAN<\/td>\n<td width=\"416\">Erzincan \u00c7al\u0131\u015fma ve \u0130\u015f Kurumu \u0130l M\u00fcd\u00fcr\u00fc<\/td>\n<\/tr>\n<tr>\n<td width=\"255\">Serdar DEM\u0130RC\u0130<\/td>\n<td width=\"416\">Erzincan Aile ve Sosyal Hizmetler \u0130l M\u00fcd\u00fcr\u00fc<\/td>\n<\/tr>\n<tr>\n<td width=\"255\">Enver \u00d6ZCAN<\/td>\n<td width=\"416\">Erzincan \u0130l Acil Durum ve Afet M\u00fcd\u00fcr\u00fc<\/td>\n<\/tr>\n<tr>\n<td width=\"255\">Zafer \u00c7OLAK<\/td>\n<td width=\"416\">Erzincan \u0130l G\u00f6\u00e7 \u0130daresi M\u00fcd\u00fcr\u00fc<\/td>\n<\/tr>\n<tr>\n<td width=\"255\">O\u011fuzhan KILI\u00c7<\/td>\n<td width=\"416\">Erzincan \u0130l K\u00fclt\u00fcr ve Turizm M\u00fcd\u00fcr\u00fc<\/td>\n<\/tr>\n<tr>\n<td width=\"255\">Yusuf Ziya DA\u011e<\/td>\n<td width=\"416\">Erzincan Meteoroloji \u0130l M\u00fcd\u00fcr\u00fc<\/td>\n<\/tr>\n<tr>\n<td width=\"255\">\u0130smail FAK\u0130RULLAHO\u011eLU<\/td>\n<td width=\"416\">Erzincan \u0130l M\u00fcft\u00fcs\u00fc<\/td>\n<\/tr>\n<tr>\n<td width=\"255\">Semra \u00d6zt\u00fcrk BORO\u011eLU<\/td>\n<td width=\"416\">KOSGEB Erzincan \u0130l M\u00fcd\u00fcr\u00fc<\/td>\n<\/tr>\n<tr>\n<td width=\"255\">Metin BEKTA\u015e<\/td>\n<td width=\"416\">TKDK Erzincan \u0130l Koordinat\u00f6r\u00fc<\/td>\n<\/tr>\n<tr>\n<td width=\"255\">\u00d6mer Faruk NAYMAN<\/td>\n<td width=\"416\">Erzincan Organize Sanayi B\u00f6lgesi M\u00fcd\u00fcr\u00fc<\/td>\n<\/tr>\n<tr>\n<td width=\"255\">Zeki DEM\u0130RBA\u015e<\/td>\n<td width=\"416\">Erzincan Gazeteciler Cemiyeti Ba\u015fkan\u0131<\/td>\n<\/tr>\n<tr>\n<td width=\"255\">Sinan ARSLAN<\/td>\n<td width=\"416\">Erzincan Ye\u015filay \u015eube Ba\u015fkan\u0131<\/td>\n<\/tr>\n<tr>\n<td width=\"255\">Dr. \u00d6\u011fr. \u00dcyesi B\u00fclent YAVUZER<\/td>\n<td width=\"416\">T\u00fcrk K\u0131z\u0131lay Erzincan \u0130l Merkezi Ba\u015fkan\u0131<\/td>\n<\/tr>\n<tr>\n<td width=\"255\">Prof. Dr. Kamil Yal\u00e7\u0131n POLAT<\/td>\n<td width=\"416\">Memorial Bah\u00e7elievler Hastanesi Organ Nakli B\u00f6l\u00fcm Ba\u015fkan\u0131<\/td>\n<\/tr>\n<tr>\n<td width=\"255\">Prof. Dr. \u0130brahim Ethem GE\u00c7\u0130M<\/td>\n<td width=\"416\">Ankara \u00dcniversitesi, T\u0131p Fak\u00fcltesi<\/td>\n<\/tr>\n<tr>\n<td width=\"255\">Esra \u015eAH\u0130N<\/td>\n<td width=\"416\">Mezun \u00d6\u011frenci<\/td>\n<\/tr>\n<\/tbody>\n<\/table>\n","protected":false},"excerpt":{"rendered":"<p>ERZ\u0130NCAN B\u0130NAL\u0130 YILDIRIM \u00dcN\u0130VERS\u0130TES\u0130 DANI\u015eMA KURULU Do\u00e7. Dr. Hamza AYDO\u011eDU Erzincan Valisi Bekir AKSUN Erzincan Belediye Ba\u015fkan\u0131 Prof. Dr. Ak\u0131n LEVENT Erzincan Binali Y\u0131ld\u0131r\u0131m \u00dcniversitesi Rekt\u00f6r\u00fc Av. Emre B\u00d6L\u00dcKBA\u015eI Erzincan Baro Ba\u015fkan\u0131 Prof. Dr. A. Ercan EK\u0130NC\u0130 Erzincan Binali Y\u0131ld\u0131r\u0131m \u00dcniversitesi Rekt\u00f6r Yard\u0131mc\u0131s\u0131 Prof. Dr. Adem BA\u015eIB\u00dcY\u00dcK Erzincan Binali Y\u0131ld\u0131r\u0131m \u00dcniversitesi Rekt\u00f6r Yard\u0131mc\u0131s\u0131 Prof. Dr.&hellip; <a class=\"more-link\" href=\"https:\/\/kalite.ebyu.edu.tr\/?page_id=1363\">Okumaya devam et <span class=\"screen-reader-text\">EBY\u00dc Dan\u0131\u015fma Kurulu<\/span><\/a><\/p>\n","protected":false},"author":13,"featured_media":0,"parent":0,"menu_order":0,"comment_status":"closed","ping_status":"closed","template":"","meta":{"footnotes":""},"class_list":["post-1363","page","type-page","status-publish","hentry","entry"],"_links":{"self":[{"href":"https:\/\/kalite.ebyu.edu.tr\/index.php?rest_route=\/wp\/v2\/pages\/1363","targetHints":{"allow":["GET"]}}],"collection":[{"href":"https:\/\/kalite.ebyu.edu.tr\/index.php?rest_route=\/wp\/v2\/pages"}],"about":[{"href":"https:\/\/kalite.ebyu.edu.tr\/index.php?rest_route=\/wp\/v2\/types\/page"}],"author":[{"embeddable":true,"href":"https:\/\/kalite.ebyu.edu.tr\/index.php?rest_route=\/wp\/v2\/users\/13"}],"replies":[{"embeddable":true,"href":"https:\/\/kalite.ebyu.edu.tr\/index.php?rest_route=%2Fwp%2Fv2%2Fcomments&post=1363"}],"version-history":[{"count":30,"href":"https:\/\/kalite.ebyu.edu.tr\/index.php?rest_route=\/wp\/v2\/pages\/1363\/revisions"}],"predecessor-version":[{"id":3154,"href":"https:\/\/kalite.ebyu.edu.tr\/index.php?rest_route=\/wp\/v2\/pages\/1363\/revisions\/3154"}],"wp:attachment":[{"href":"https:\/\/kalite.ebyu.edu.tr\/index.php?rest_route=%2Fwp%2Fv2%2Fmedia&parent=1363"}],"curies":[{"name":"wp","href":"https:\/\/api.w.org\/{rel}","templated":true}]}}