{"id":1251,"date":"2021-04-05T09:33:14","date_gmt":"2021-04-05T06:33:14","guid":{"rendered":"https:\/\/kalite.ebyu.edu.tr\/?page_id=1251"},"modified":"2026-03-18T12:53:27","modified_gmt":"2026-03-18T09:53:27","slug":"akreditasyon-komisyonu","status":"publish","type":"page","link":"https:\/\/kalite.ebyu.edu.tr\/?page_id=1251","title":{"rendered":"Akreditasyon Komisyonu"},"content":{"rendered":"<table width=\"643\">\n<tbody>\n<tr>\n<td colspan=\"3\" width=\"643\">\n<p style=\"text-align: center\"><strong>Erzincan Binali Y\u0131ld\u0131r\u0131m \u00dcniversitesi Akreditasyon Komisyonu<\/strong><\/p>\n<\/td>\n<\/tr>\n<tr>\n<td width=\"302\"><strong>Unvan Ad Soyad<\/strong><\/td>\n<td width=\"265\">Birim<\/td>\n<td width=\"76\">G\u00f6rev<\/td>\n<\/tr>\n<tr>\n<td width=\"302\">Prof. Dr. Kenan \u0130NAN<\/td>\n<td width=\"265\">Fen Edebiyat Fak\u00fcltesi<\/td>\n<td width=\"76\">Ba\u015fkan<\/td>\n<\/tr>\n<tr>\n<td width=\"302\">Prof. Dr. B\u00fclent \u015eI\u011eVA<\/td>\n<td width=\"265\">Fen Edebiyat Fak\u00fcltesi<\/td>\n<td width=\"76\">\u00dcye<\/td>\n<\/tr>\n<tr>\n<td width=\"302\">Prof. Dr.\u00a0\u0130hsan \u00dcNL\u00dc<\/td>\n<td width=\"265\">E\u011fitim Fak\u00fcltesi<\/td>\n<td width=\"76\">\u00dcye<\/td>\n<\/tr>\n<tr>\n<td width=\"302\">Prof. Dr. Meryem \u00d6ZTURAN<\/td>\n<td width=\"265\">Yabanc\u0131 Diller ve Turizm Fak\u00fcltesi<\/td>\n<td width=\"76\">\u00dcye<\/td>\n<\/tr>\n<tr>\n<td width=\"302\">Prof. Dr. Papatya KARAKURT<\/td>\n<td width=\"265\">Sa\u011fl\u0131k Bilimleri Fak\u00fcltesi<\/td>\n<td width=\"76\">\u00dcye<\/td>\n<\/tr>\n<tr>\n<td width=\"302\">Prof. Dr. Z\u00fclk\u00fcf AYRANG\u00d6L<\/td>\n<td width=\"265\">Hukuk Fak\u00fcltesi<\/td>\n<td width=\"76\">\u00dcye<\/td>\n<\/tr>\n<tr>\n<td width=\"302\">Do\u00e7. Dr. Alpaslan AKPINAR<\/td>\n<td width=\"265\">G\u00fczel Sanatlar Fak\u00fcltesi<\/td>\n<td width=\"76\">\u00dcye<\/td>\n<\/tr>\n<tr>\n<td width=\"302\">Do\u00e7. Dr. An\u0131l T\u00dcRKEL\u0130<\/td>\n<td width=\"265\">Spor Bilimleri Fak\u00fcltesi<\/td>\n<td width=\"76\">\u00dcye<\/td>\n<\/tr>\n<tr>\n<td width=\"302\">Do\u00e7. Dr. Asl\u0131 \u00d6ZBEK B\u0130LG\u0130N<\/td>\n<td width=\"265\">T\u0131p Fak\u00fcltesi<\/td>\n<td width=\"76\">\u00dcye<\/td>\n<\/tr>\n<tr>\n<td width=\"302\">Do\u00e7. Dr. Esra \u00d6zkan P\u0130R<\/td>\n<td width=\"265\">\u0130ktisadi ve \u0130dari Bilimler Fak\u00fcltesi<\/td>\n<td width=\"76\">\u00dcye<\/td>\n<\/tr>\n<tr>\n<td width=\"302\">Do\u00e7. Dr. Fatih Yavuz ILGIN<\/td>\n<td width=\"265\">Meslek Y\u00fcksekokulu<\/td>\n<td width=\"76\">\u00dcye<\/td>\n<\/tr>\n<tr>\n<td width=\"302\">Dr. \u00d6\u011fr. \u00dcyesi H. Arda DEVEC\u0130<\/td>\n<td width=\"265\">M\u00fchendislik-Mimarl\u0131k Fak\u00fcltesi<\/td>\n<td width=\"76\">\u00dcye<\/td>\n<\/tr>\n<tr>\n<td width=\"302\">Dr. \u00d6\u011fr. \u00dcyesi Salih G\u00dcNER<\/td>\n<td width=\"265\">\u0130lahiyat Fak\u00fcltesi<\/td>\n<td width=\"76\">\u00dcye<\/td>\n<\/tr>\n<tr>\n<td width=\"302\">Dr. \u00d6\u011fr. \u00dcyesi S\u00fcmeyra TUNA YILDIRIM<\/td>\n<td width=\"265\">Eczac\u0131l\u0131k Fak\u00fcltesi<\/td>\n<td width=\"76\">\u00dcye<\/td>\n<\/tr>\n<\/tbody>\n<\/table>\n<p>&nbsp;<\/p>\n","protected":false},"excerpt":{"rendered":"<p>Erzincan Binali Y\u0131ld\u0131r\u0131m \u00dcniversitesi Akreditasyon Komisyonu Unvan Ad Soyad Birim G\u00f6rev Prof. Dr. Kenan \u0130NAN Fen Edebiyat Fak\u00fcltesi Ba\u015fkan Prof. Dr. B\u00fclent \u015eI\u011eVA Fen Edebiyat Fak\u00fcltesi \u00dcye Prof. Dr.\u00a0\u0130hsan \u00dcNL\u00dc E\u011fitim Fak\u00fcltesi \u00dcye Prof. Dr. Meryem \u00d6ZTURAN Yabanc\u0131 Diller ve Turizm Fak\u00fcltesi \u00dcye Prof. Dr. Papatya KARAKURT Sa\u011fl\u0131k Bilimleri Fak\u00fcltesi \u00dcye Prof. Dr. Z\u00fclk\u00fcf AYRANG\u00d6L&hellip; <a class=\"more-link\" href=\"https:\/\/kalite.ebyu.edu.tr\/?page_id=1251\">Okumaya devam et <span class=\"screen-reader-text\">Akreditasyon Komisyonu<\/span><\/a><\/p>\n","protected":false},"author":13,"featured_media":0,"parent":0,"menu_order":0,"comment_status":"closed","ping_status":"closed","template":"","meta":{"footnotes":""},"class_list":["post-1251","page","type-page","status-publish","hentry","entry"],"_links":{"self":[{"href":"https:\/\/kalite.ebyu.edu.tr\/index.php?rest_route=\/wp\/v2\/pages\/1251","targetHints":{"allow":["GET"]}}],"collection":[{"href":"https:\/\/kalite.ebyu.edu.tr\/index.php?rest_route=\/wp\/v2\/pages"}],"about":[{"href":"https:\/\/kalite.ebyu.edu.tr\/index.php?rest_route=\/wp\/v2\/types\/page"}],"author":[{"embeddable":true,"href":"https:\/\/kalite.ebyu.edu.tr\/index.php?rest_route=\/wp\/v2\/users\/13"}],"replies":[{"embeddable":true,"href":"https:\/\/kalite.ebyu.edu.tr\/index.php?rest_route=%2Fwp%2Fv2%2Fcomments&post=1251"}],"version-history":[{"count":9,"href":"https:\/\/kalite.ebyu.edu.tr\/index.php?rest_route=\/wp\/v2\/pages\/1251\/revisions"}],"predecessor-version":[{"id":4284,"href":"https:\/\/kalite.ebyu.edu.tr\/index.php?rest_route=\/wp\/v2\/pages\/1251\/revisions\/4284"}],"wp:attachment":[{"href":"https:\/\/kalite.ebyu.edu.tr\/index.php?rest_route=%2Fwp%2Fv2%2Fmedia&parent=1251"}],"curies":[{"name":"wp","href":"https:\/\/api.w.org\/{rel}","templated":true}]}}